) = -w*z**2 + 30*z - 15*z - 13*z - 9 - z**2 + z**3. Suppose 2*v = 7 + 5. Calculate l(v).
3
Let h(u) be the third derivative of u**6/24 + 2*u**5/15 - u**4/12 + 4*u**3/3 + 4*u**2. Let w(c) = -c**3 - c**2 - 1. Let y(p) = -h(p) - 4*w(p). Determine y(-5).
11
Suppose 2 + 2 = 4*s. Let q(l) = s - 3 + 5 - 4 + 19*l. Determine q(-1).
-20
Suppose 0*t = 5*o + t - 39, 0 = -o + 4*t + 12. Suppose -3*g = -13 - o. Let d(y) = y**3 - 7*y**2 + y - 2. Give d(g).
5
Let j(i) = -28*i - 590. Let r be j(-21). Let w(m) = 2*m - 3*m**2 + 6*m**2 + 0*m**2. Calculate w(r).
8
Suppose 5*i - k - 83 = 0, 9*k = 4*k - 15. Let h(d) = -2*d**3 + 4*d + 13*d - i*d - d**2 - 2. Determine h(-2).
8
Let s(y) = -y**2 + y. Let m(z) = 3*z**2 - 15*z - 8. Let i(g) = -m(g) - 4*s(g). Determine i(-7).
-20
Let b(v) = v + 2. Suppose 9 = -22*l + 25*l. Suppose 0 = l*x - 5*x + 10. Give b(x).
7
Let o(c) = c**3 + 6*c**2 - 10*c - 10. Suppose -y - x + 5*x - 15 = 0, 0 = 4*y - 3*x + 34. Give o(y).
11
Let u(m) = 82*m + 44 - 161*m - m**2 + 78*m + m**3. Give u(0).
44
Let o(n) be the first derivative of -n**4/4 - 2*n**3 + n**2/2 - 3*n - 233. Give o(-5).
-33
Let r(b) = -4*b - 1. Suppose -v - 2 = v. Let x be r(v). Let c(i) = -25*i - 5. Let z(l) = 8*l + 2. Let s(a) = -4*c(a) - 12*z(a). What is s(x)?
8
Let n(m) be the second derivative of m**4/12 + 2*m**3/3 + m**2 + 9*m. Let s = 21 - 6. Suppose 5*y = 2*j + s, 0 = 4*y + 2 - 6. Calculate n(j).
7
Let g(t) = -4*t**2 - 1. Suppose -d = -2*q + 3*d + 54, -5*q = 2*d - 159. Let k = q + -30. Calculate g(k).
-5
Let h(q) = 2*q - 4. Let k be h(2). Suppose 4*z + k*z = 80. Let b be ((-5)/z)/((-3)/12). Let w(v) = v - 1. Calculate w(b).
0
Let t(h) = -2*h + 2 + h**2 + h - h**3 + 6. Suppose -v = 4*s + 5 + 10, 3*s = 5*v - 40. Suppose 0 = v*q - 5*d + 10, -3*q - 2*d + 4 = -7*q. Determine t(q).
8
Let s(l) = l**3 - 5*l**2 - 8*l + 7. Let n be (-7)/(-28) + (-33)/(-12). Suppose -x = -3*x + 5*h + 12, -18 = -n*x - h. Give s(x).
-5
Suppose 2*u = 142 - 124. Let i(g) = g**2 - 11*g + 19. What is i(u)?
1
Let h = -14 - -17. Suppose -5*q - h*g = -13, -q - 1 = -5*g + 2. Let m(a) = -a + 3*a - 6 - a**q + 5*a. What is m(5)?
4
Let c(h) be the second derivative of h**4/12 - 2*h**3/3 - 3*h**2/2 + 289*h. What is c(3)?
-6
Suppose 0 = 2*r - 6*b + b - 4, 5*r - 10 = 4*b. Let t be (-3 + 8/r)*-5. Let l(u) be the third derivative of u**4/12 + 7*u**3/6 - 7*u**2. What is l(t)?
-3
Let q = -96 - -111. Let w be ((-4)/6)/(((-8)/q)/(-8)). Let u(h) = -h**2 - 10*h - 2. Determine u(w).
-2
Let x(l) = 2*l**2 - 10*l - 15. Let f(q) = -q**2 + q + 3. Let t(r) = 3*f(r) + x(r). Determine t(-4).
6
Let t(p) be the third derivative of 25*p**4/24 - p**3/6 - 248*p**2. Calculate t(-2).
-51
Let h(s) = -4*s + 179 - 352 + 176. Give h(2).
-5
Suppose s + 3 = 2*y, -s + 18 = 4*s + y. Suppose -5*f = 18 - s. Let z(o) = -o. Calculate z(f).
3
Let i(g) be the second derivative of -g**5/20 - 7*g**4/12 - 4*g**3/3 - 5*g**2/2 - 41*g. Give i(-5).
-15
Let k be 2/((-5)/(10/(-7)) - 3). Let h(p) = 3 - p + 3 + k*p - p**2. Give h(5).
-4
Let k(p) = -35*p + 110. Let o(c) = 23*c - 72. Let u(j) = 5*k(j) + 8*o(j). Determine u(5).
19
Let m(q) be the third derivative of -q**6/120 + q**5/12 - q**4/8 + q**2. Let n = -66 + 70. Suppose p = 2*g + 6, 0 = 3*p + n*g - 2*g - 10. Calculate m(p).
4
Let x(v) = -v**2 + 8*v - 12. Let w be x(4). Let p(y) = -y**2 - 4*y + 1. Let i(h) = h**2 + 3*h - 2. Let b(a) = w*p(a) + 5*i(a). Give b(5).
14
Let w(q) = -q**3 + 5*q**2 - q + 11. Let y be (1 - (54/12)/3)*-10. Give w(y).
6
Let r = 24 - 19. Suppose -r*k - 19 = 6. Let a(p) = 2*p - 6. Give a(k).
-16
Let k(p) = p**3 + 15*p**2 + 14*p - 1. Suppose 0*r = r - 3. Let d = r - 17. Let f be k(d). Let j(q) = -q - 1. Give j(f).
0
Let i(y) = 3*y + 3 - 3*y**2 + 0*y + y - 8*y**2 + 10*y**2. Let j = 18 + -12. Suppose -2*k = -j*k + 24. Determine i(k).
-9
Let r(k) = 5*k + 1. Suppose 17 = c + 6. Suppose -15*x - 8 = -c*x. What is r(x)?
-9
Let s(c) be the first derivative of -c + 1/2*c**2 - 15. Determine s(2).
1
Let g(l) be the first derivative of l**2 + l + 1. Let p(a) = -31*a - 30. Let r be p(-1). Give g(r).
3
Let q be (-15)/9*36/210*7. Let c(w) = 11*w**2 + 4*w + 2. What is c(q)?
38
Let r(o) = -o**2 - o - 2. Let x = 229 + -383. Let n = x - -152. What is r(n)?
-4
Suppose 5*p + 10 = -5*j, 2*j + p + 3*p = -14. Let k(m) = j*m - 4 - 3 + 4 + 4. What is k(-1)?
-2
Let v = -77 + 80. Let j(d) = d**2 - 4*d - 1. Calculate j(v).
-4
Suppose -4*j - 2*c + 84 = 0, -2*j - j = -2*c - 56. Suppose -j = 2*o + 5*q, -2*o - 3*q = -0*o + 12. Let a(p) = 4 + p - 2*p - 1. Determine a(o).
3
Suppose 8*k + 0*k = 32. Let l(j) = -4*j - 4. What is l(k)?
-20
Let u be ((80/(-28))/5)/((-2)/(-7)). Let b(a) = -19*a - 2. What is b(u)?
36
Let c(f) = 2*f**2 + 8*f - 4. Let b = -1411 - -1407. What is c(b)?
-4
Let g(r) be the first derivative of -r**3/3 - r**2 + 3*r - 236. Calculate g(-6).
-21
Suppose -98*m + 6 = -104*m. Let i(l) = -23*l**3 + l**2 + 2*l + 1. What is i(m)?
23
Let t(r) be the second derivative of r**4/12 - r**3 + 3*r**2 - r. Let u be (-2)/(-4)*(-6 - (0 + -4)). Let g be u/(-2) + (525/10)/15. Determine t(g).
-2
Let i be (-187)/5236 + 222/(-56). Let x(t) = -3 + 7 + 1 - t**2. What is x(i)?
-11
Let s(j) = 1372*j - 11 - 8 - 1374*j + 6. Calculate s(0).
-13
Let n(k) = k**3 - 6*k**2 + 2*k - 4. Suppose 0 = x, g - x - 2 = -3*x. Suppose -5*q + 4*q + g = -u, 4*q + 3*u = 36. Determine n(q).
8
Let w(m) = -m - 3. Let g = 23 - 19. Let c be 3 - 16/g - -1. Give w(c).
-3
Let u(x) = -x**3 - 7*x**2 + 9*x + 3. Suppose 56 = -2*s + 4*s. Suppose m + m + s = -3*n, 0 = 3*m - 3*n + 12. Give u(m).
-5
Let h = 922 - 923. Let p(t) = -5*t**2 - 2*t - 1. What is p(h)?
-4
Let i(o) = 17*o + 43 - 4 + 2*o**2 - o**2 - 22. Give i(-14).
-25
Let v(u) = 2*u - 16. Suppose -48 = -20*r + 32. What is v(r)?
-8
Let q(a) = a**3 + 18*a**2 + 18*a + 14. Let w(m) = 3*m + 58. Let g be w(-25). Determine q(g).
-3
Let l(v) = -279 + 2*v + 569 + 7*v**2 + v**3 - 286 + 4*v. Calculate l(-4).
28
Suppose 1472 = 20*n - 16*n. Let h(q) = -6*q**2 + 728*q - 358*q + 2 - n*q. Calculate h(-2).
-26
Suppose -484*n = -477*n - 63. Let s(f) = 3*f - 18. Determine s(n).
9
Let f(r) be the second derivative of 0 + 1/20*r**5 + r**3 + 21*r - 7/12*r**4 + 3*r**2. Let o = 15 + -9. What is f(o)?
6
Let i(j) = j + 5. Let p(t) = -t + 16. Let u be p(12). Suppose -3*o = u*o. Calculate i(o).
5
Let f(c) = c + 1. Let o(w) = w**2 + 9*w + 2. Let z(t) = -2*f(t) + o(t). Let i be z(-6). Let v be 80/(-15) - (-4)/i. Let p(q) = -q**2 - 5*q + 5. Determine p(v).
-1
Let k be 4 - (1 + -2 + 0). Suppose 3*d - 6 = -3*w, 0 = 4*d + 2*w - 0*w - 12. Let n(v) = -3*v**2 + 15 - 5*v - 8 + d*v**2. Give n(k).
7
Let o = -21 - -11. Let x(a) be the first derivative of a**3/3 + 5*a**2 + 3*a - 131. Let h be x(o). Let b(g) = 2*g**2 - 4*g + 4. Determine b(h).
10
Let q(t) be the first derivative of -6*t + 13 + 1/2*t**2. Determine q(5).
-1
Let b(f) be the second derivative of 5*f**3/6 - 2*f**2 - 9*f. Let o be b(2). Let u(y) = -y**2 + 6*y - 7. Determine u(o).
-7
Suppose q + 0 = -26. Let f be (-82)/q + 14/(-91). Let p(w) = f*w - 2*w**2 + 22*w**3 - 23*w**3 + 3 + w. Calculate p(-3).
0
Let f be -3 + 1 - -125*7/420. Let b(m) be the second derivative of f*m**4 - 5*m - 1/10*m**5 + 0 + 0*m**2 + 0*m**3. Give b(-1).
3
Let z(w) = -w**2 - 6*w + 2. Let x be z(-6). Let t(v) = -2*v**3 - 29*v**2 + 7*v + 6. Let l(r) = r**3 + 8*r**2 - 2*r - 2. Let k(y) = -7*l(y) - 2*t(y). Give k(x).
-14
Let k be (18/5)/(10 - (-884)/(-85)). Let x(y) = y**3 + 11*y**2 + 17*y - 2. What is x(k)?
7
Suppose 3*y + 4*k - 6 = 21, -5*y - 2*k + 45 = 0. Let g(j) = 2*j - 5*j + 3 + y*j. Suppose 2*b = -0*b - 5*i - 9, -3*b - 5 = -i. Calculate g(b).
-9
Let q(s) = -2*s**3 + 8*s**2 + 2*s - 4*s**3 - 7 + 6*s**3 + s**3 + 2*s. Calculate q(-7).
14
Let l(j) = -5*j - 1 + 3*j - j. Let w = 1595 + -1592. Give l(w).
-10
Let b be (1 + 2)*(-3 - (-4 - 0)). Let x(q) = 3*q**3 - q**2 + q + 2. Let a(z) = -4*z**3 + 2*z**2 - z - 3. Let c(n) = b*x(n) + 2*a(n). Determine c(0).
0
Let k(g) = -g**2 + 17*g. Let i be k(17). Let b(q) = -2*q + 5*q + 2 + i - 5*q. Let m be b(0). Let u(d) = 3*d**2 - 2*d. Calculate u(m).
8
Let q(k) = -3 - 6*k - 3*k + 0 - 8*k + 13*k. Give q(4).
-19
Let a(m) = 8*m**2 - 12*m - 21. Let f(z) = -3*z**2 + 6*z + 10. Let t(i) = 2*a(i) + 5*f(i). Suppose 0*j + 5*j = 10. Suppose j*d - 3*d = 6. What is t(d)?
8
Let f(r) = 3*r**2 - 10*r